rivative of z**4/12 - 2*z**3/3 + z**2/2 - z. Let y be 58/203 - 33/(-7). Give q(y).
6
Let x(g) = -83*g - 83*g - 3 + 2 + 164*g. What is x(6)?
-13
Let u(z) be the second derivative of z**3/3 + 4*z**2 + 781*z. What is u(-8)?
-8
Let y(o) = 4*o**2 + 4*o**3 - 2 - 3*o**3 + 3*o**3 - 2*o - 5*o**3. Let p be y(2). Let i(z) = 10*z. What is i(p)?
20
Suppose -3*q = -81 - 3. Let y = q - 15. Suppose -4*z + 11 = 3*r - y, 4*z = r + 8. Let j(d) = -d**3 + 4*d**2 + d + 3. Calculate j(r).
7
Let y(a) = -a**3 + 6*a**2 + 3*a - 10. Let i be y(6). Suppose 0 = -4*u - 4*n - 0 - i, -5*n = -4*u - 35. Let b(z) = -z**2 - 4*z - 7. What is b(u)?
-12
Let x(a) = -5*a**3 + 12*a**2 - 7*a - 8. Let s(t) = 14*t**3 - 35*t**2 + 20*t + 24. Let p(h) = 6*s(h) + 17*x(h). What is p(-6)?
2
Let h(t) = t**3 - 11*t**2 - 11*t - 28. Suppose 3*x + 3*f = 21, 0 = 5*x - 2*f - 97 + 27. Calculate h(x).
-16
Let u(w) = w**2 + 6*w + 9. Let o be u(-3). Let q(r) be the third derivative of -1/12*r**4 - 5*r**2 + o - 5/6*r**3 + 0*r. Determine q(-7).
9
Let z(g) be the second derivative of g**5/20 - g**4/4 - 7*g**3/6 + 3*g**2 - 4*g - 35. Calculate z(4).
-6
Let i be (195/117)/(2/(-6)). Let r(p) = p**3 + 5*p**2 + 2*p + 6. What is r(i)?
-4
Let s be 1*0*(1 - (1 + -1)). Suppose 0 = -g - 4*j - j - 24, g - j = s. Let l(t) = t**3 + 5*t**2 + 2*t. Calculate l(g).
8
Let o(p) = -p**3 - p**2 + p + 2. Let x be (-20)/15*(-3)/(-2). Let y be -1 + (-3 - 3*x). Suppose 0 = -4*q + 3*n + 17, -4*q + 0*n + 2 = y*n. Determine o(q).
-8
Suppose -f - 4*f + 4*w = -2, 0 = 2*f - 2*w. Let p(k) = -9*k**2 + 9*k**f - k + k**2. Give p(0).
0
Let h(z) = -z**2 - z - 1. Let m(o) = 3*o**2 + 2*o - 1. Let w(i) = -2*h(i) - m(i). Let f = -31 - -19. Let c be f/(-4) + (1 - 0). What is w(c)?
-13
Let t(o) = o**3 - 4*o**2 - 7*o + 5. Suppose 2*n - 5*n + 12 = 3*b, -n = -4*b + 11. Let x be 95/(-38)*(-3 + n). Calculate t(x).
-5
Suppose -3*j + 5*b = 51, 0*b + 36 = -4*j - 4*b. Let d = -12 - j. Suppose 3*m + m + 12 = d. Let p(r) = -r**3 - 2*r**2 + 3*r + 2. Determine p(m).
2
Let b = -36 + 38. Let g(u) = -3*u**2 + 4*u**b - 7*u + 5 + 0*u**2. Calculate g(8).
13
Let p = -5245 + 5239. Let q(t) = -t + 5. Let g(m) = -3*m + 11. Let x(s) = -3*g(s) + 7*q(s). Give x(p).
-10
Let z(q) = q**3 - 3*q**2 - 29*q - 9. Let p be z(-4). Let t(i) = -2*i**2 - 5*i + 4. Give t(p).
-21
Let d(l) be the second derivative of 1/12*l**4 - 4/3*l**3 + 0 - 2*l**2 - 16*l. Determine d(6).
-16
Let c(f) = -f + 10. Let j be c(4). Let b(q) be the third derivative of -q**6/120 + q**5/10 - 4*q**3/3 - 5*q**2. What is b(j)?
-8
Let t(y) = -3*y + 25. Let w(g) = g - 23. Let z(q) = 3*t(q) + 4*w(q). Determine z(-6).
13
Let g(s) = -s**2 - 14*s + 6. Let k(v) = 2*v**2 + 11*v - 5. Let j(b) = -3*g(b) - 4*k(b). Calculate j(1).
-5
Let s(l) = -3 - 39*l + 43*l - 14. Let x(b) = b - 4. Let p(y) = 6*s(y) - 26*x(y). Give p(2).
-2
Let t(f) = 4*f**2 + 11*f - 3. Let k(x) = -x**2 - x. Suppose -5*w - 2 = 3. Let o(i) = w*t(i) - 5*k(i). Let y be 2/8 + (-30)/(-8). Calculate o(y).
-5
Let g(j) be the first derivative of -j**4/4 + 7*j**3/3 - j**2/2 - 9*j + 283. Calculate g(7).
-16
Let m(g) = 3*g + 4*g**2 - g**2 + 2 - 4*g**2. Let b be m(4). Let k(n) be the second derivative of n**5/10 + n**4/3 + n**3/3 - n**2 - 455*n + 8. What is k(b)?
-6
Let v(n) be the first derivative of -n**4/24 + n**3 + 3*n**2 + 18. Let s(r) be the second derivative of v(r). Determine s(0).
6
Let c(d) = -8*d**3 - d**2 + 1. Let q be (-1 - 8/(-6))/(4/60). Suppose h + s = 0, -q*h + 4*s - s + 8 = 0. Calculate c(h).
-8
Let x(r) = -3 + r - r**2 + 2 + 2*r**2. Let o be 18/(-81) + (-110)/(-90). Determine x(o).
1
Let h(b) = -2*b - 21. Let g(k) = k**3 + k**2 - 14. Let a be g(0). Let z be h(a). Let m(d) = z*d - 1 - 4*d + d. Determine m(-1).
-5
Let d(b) = -2*b**2 + 4*b**2 - 3*b - 5*b**2 + 1. Suppose 5*l + 3*m + 2 = -19, 2*l - 4 = 5*m. Calculate d(l).
-17
Let j = -102 + 105. Let d(a) = 2*a**j + 6*a**2 - 3*a**3 - 97*a + 98*a - 7. Give d(6).
-1
Let c(x) = 8*x + 6 - 4*x - 5*x + 2*x**3. Let i be c(0). Let d(a) = a**2 - 4*a + 2. Calculate d(i).
14
Let s(a) = a**2 + 3*a - 3. Let r be s(-4). Let o(n) = -1 + 4 - n - r. Let p(d) = -d**3 + 6*d**2 - 4*d - 4. Let f be p(5). Give o(f).
1
Let x = -23 + 24. Let w(p) = p**3 - p**2 + p + 1. Let j(u) = -5*u**2 + 3*u + 5. Let f(n) = x*w(n) - j(n). Give f(-4).
4
Let k be 45/(-60) - (-3)/4. Let g = k - -5. Let w(r) = r + 1. Calculate w(g).
6
Let g(q) = 16*q + 53*q**2 - 57*q**2 - 12*q + q**3. Calculate g(4).
16
Let j(c) = 28*c - 50. Let k be j(2). Let u(q) be the third derivative of -q**4/8 - 2*q**3/3 - 2*q**2. Determine u(k).
-22
Let o(k) = -18*k**2 + 0*k + 12*k**2 + k + 0*k**2 - 1 + k**2. Suppose -5*c + 30 = -5*y, 4*c - 13 + 4 = y. What is o(c)?
-5
Let z(p) be the second derivative of -p**5/20 + p**4/2 + 7*p**3/6 + 4*p**2 - 10*p. What is z(7)?
8
Let o = 23 + -14. Let i = -18 + 14. Let s(l) = l**3 + 2*l**2 + 2*l - 4. Let j(m) = 2*m**3 + 3*m**2 + 3*m - 9. Let n(g) = i*j(g) + o*s(g). What is n(-5)?
-5
Let a(t) = -t**3 + 7*t**2 - 5*t. Suppose y - 9 = -2*y. Let d = y + -7. Let b be 2/d - (-26)/4. What is a(b)?
6
Let v(j) = j - 6. Let p(l) = 20*l + 40. Let w(i) = i**2 - i + 1. Let b(x) = p(x) + w(x). Let t be b(-17). Determine v(t).
1
Let u(a) = -a - 9. Let r be u(-12). Let z(w) = 0*w + w**r + 0*w**3 - 1 + 3*w - 3*w**2. Give z(3).
8
Suppose 4*s + 4*d - 140 = 0, -3*s + 1 = 2*d - 107. Suppose s*b = 35*b - 12. Let n(j) = -j**2 - 6*j - 1. What is n(b)?
7
Let a(t) = t**3 + 26*t**2 - 25*t + 60. Let w be a(-27). Let z(l) = -l + 4. Calculate z(w).
-2
Let r = 2555 + -2561. Let c(l) = l**2 + 3*l - 13. Determine c(r).
5
Let t = 22 + -18. Suppose t*n = -2*k + 20, -5*k - 1 = n - 15. Suppose o = -k*o. Let w(a) = -a**2 + 6. Give w(o).
6
Let l(z) = -7*z + 4. Let y(u) = 6*u - 3. Let a(r) = r**3 + 3*r**2 - 2*r - 4. Let h be a(-3). Let v(w) = h*l(w) + 3*y(w). What is v(-1)?
-5
Let l(p) = -p**2 + 8*p - 10. Let b(w) = -1. Let n(i) = 6*b(i) - l(i). Let c = 1220 + -1214. What is n(c)?
-8
Let b be (-7 + (-6 - -1))/(-4). Let w(c) = c**3 - c**2 - c - 1. Let a(r) = 6*r**3 - 9*r**2 - r - 6. Let p(v) = -a(v) + 5*w(v). What is p(b)?
-2
Suppose 3*l = 3*g - 36, -6 = 3*l + 5*g - 2. Let r(i) = -i**2 - 6*i - 10. Determine r(l).
-26
Let v(y) = -7*y + 5*y**2 - 1 + 12*y - y - y**3 - 9*y. Let s be (-1)/((-25)/10)*(-30)/(-3). Calculate v(s).
-5
Let h(o) be the second derivative of -o**4/12 + 2*o**3 + 11*o**2 - 10*o - 20. Calculate h(14).
-6
Let u be 0/4 - 4/8*-142. Let z = u - 70. Let c(b) be the third derivative of -b**4/3 + b**3/6 + b**2. What is c(z)?
-7
Let v(y) be the first derivative of -y**4/4 + 4*y**3/3 + 3*y**2 - 82. Let f be (1 - -1)/(2/7). Suppose -2*u = p - f, 0 = 3*p + u - 2 - 14. What is v(p)?
5
Let x(r) = 9*r**2 + 16*r + 3. Let z(b) = 13*b**2 + 24*b + 4. Let v(f) = 7*x(f) - 5*z(f). What is v(-6)?
-23
Let x(l) be the third derivative of l**6/120 + 2*l**5/15 + 7*l**4/24 + l**3/6 + 770*l**2. Let r be 94/(-14) - 2/7. Calculate x(r).
1
Let j(k) = -k**3 + 6*k**2 + 7*k. Suppose -4*r + 174 = 5*z, 0 = 3*z - 8*z - 3*r + 178. Suppose -6*o + z = -4. What is j(o)?
0
Let l(x) = -10 - 2*x + 16 - 8. Let m be 8/6*(-24)/(-16). Determine l(m).
-6
Let o(u) = u + 10. Suppose -s + 29 = -5*l, -2*l + 4*s - 5*s - 13 = 0. What is o(l)?
4
Let u(s) = 2*s - 2. Suppose -y + 3*j = 6, 0 = -4*y + y - 3*j + 18. Suppose 0 = 3*z - 2*i - y*i - 8, -3*z + 3*i + 12 = 0. Let g be -8*(12/(-4))/z. What is u(g)?
6
Let q(z) be the second derivative of z**4/12 - 5*z**3/3 - 9*z**2/2 - z - 14. Calculate q(11).
2
Suppose -8*q = -3*q. Let u(j) = j**3 - 5*j**2 + 8*j - 3. Let t be u(3). Let x(f) = t*f**2 + 6*f - 3*f**2 - 5*f + f**2 + 7. Determine x(q).
7
Let k(w) = 5*w - 10. Let t(p) = -13*p + 26. Let u(h) = -8*k(h) - 3*t(h). What is u(6)?
-4
Let j(y) = -5*y**2 + 20*y - 7. Let l(t) = -3*t**2 + 13*t - 5. Suppose -10*g = -12*g + 16. Let h(v) = g*l(v) - 5*j(v). What is h(-5)?
0
Let c(g) = -g + 8. Let x(j) = -j + 9. Let l(k) = -4*c(k) + 5*x(k). Let d be l(18). Let w(o) = -o + 4. What is w(d)?
9
Let g = 446 + -450. Let r(w) = w**2 + 3*w - 3. Give r(g).
1
Let h(m) = -6*m**2 - 8*m - 6. Let a(t) = -7*t**2 - 8*t - 7. Let v(n) = -5*a(n) + 6*h(n). Let f(z) = z**3 - 37*z**2 + 269*z + 19. Let g be f(27). Give v(g).
-1
Let w be (1 + -5)*(-6)/(-8). Let q(g) = -4*g - 31. Let d(i) = -i - 7. Let j(v) = 5*d(v) - q(v). What is j(w)?
-1
Suppose -4*c + 6